{"id":86,"date":"2013-08-08T12:16:45","date_gmt":"2013-08-08T10:16:45","guid":{"rendered":"http:\/\/tsg-badenhausen.de\/?page_id=86"},"modified":"2022-06-20T13:02:43","modified_gmt":"2022-06-20T11:02:43","slug":"eltern-kind-turnen","status":"publish","type":"page","link":"https:\/\/tsg-badenhausen.de\/cms\/handball\/eltern-kind-turnen.html","title":{"rendered":"Eltern-Kind-Turnen"},"content":{"rendered":"<p><strong>Dienstag, 16.30\u2013 17.30 Uhr, kleine Turnhalle, \u00dcL: David Eckel und Joy Pohl<br \/>\n<\/strong><\/p>\n<p>In unserer Gruppe sind Kleinkinder ab dem Krabbelalter mit ihren erwachsenen Begleitern herzlich Willkommen. Unsere \u201eKleinen\u201c erkunden beispielsweise krabbelnd, laufend, kletternd, kullernd, springend oder balancierend vielf\u00e4ltige Bewegungslandschaften, singen Lieder, machen Fingerspiele oder spielen mit abwechslungsreichen Sport- und Alltagsmaterialien. Dabei lernen die Kleinsten mit Freude durch fasziniertes Beobachten und Nachahmung von den \u00c4ltesten (drei bis ca. vier j\u00e4hrige Sportlerinnen und Sportler). Auch die Gelegenheiten zum Teilen \u00fcben, Nachahmen, Streiten und Vers\u00f6hnen sind f\u00fcr die Kinder wertvolle Erfahrungen, die sie nebenbei sammeln.<\/p>\n<p style=\"margin-bottom: 0cm;\">Die Gruppengr\u00f6\u00dfe variiert teilweise stark, weil beispielsweise manchmal Geschwisterkinder gern mitkommen.<\/p>\n<p style=\"margin-bottom: 0cm;\">Es gibt in jeder \u00dcbungsstunde feste Rituale, die den Sportlern schnell vertraut sind und die von ihnen geliebt werden. Die Eltern, Gro\u00dfeltern oder andere Begleitpersonen unterst\u00fctzen die Erfahrungen ihrer Kinder und helfen unter Anleitung beim Aufbau der Stationen.<\/p>\n<p style=\"margin-bottom: 0cm;\">Wir treffen uns \u2013 au\u00dferhalb der Ferienzeit \u2013 jeden Dienstag von 16.30 bis 17.30 Uhr zum Sporttreiben in der Sporthalle am Johannisborn.<\/p>\n<p><center><br \/>\n<a href=\"http:\/\/tsg-badenhausen.de\/cms\/wp-content\/uploads\/2013\/08\/Eltern-Kind_Gruppe.jpg\"><img decoding=\"async\" loading=\"lazy\" class=\"size-full wp-image-277\" src=\"http:\/\/tsg-badenhausen.de\/cms\/wp-content\/uploads\/2013\/08\/Eltern-Kind_Gruppe.jpg\" alt=\"Eltern und Kind Turngruppe\" width=\"500\" height=\"333\" srcset=\"https:\/\/tsg-badenhausen.de\/cms\/wp-content\/uploads\/2013\/08\/Eltern-Kind_Gruppe.jpg 500w, https:\/\/tsg-badenhausen.de\/cms\/wp-content\/uploads\/2013\/08\/Eltern-Kind_Gruppe-300x199.jpg 300w\" sizes=\"(max-width: 500px) 100vw, 500px\" \/><\/a><\/center><center><\/center><a href=\"http:\/\/tsg-badenhausen.de\/cms\/wp-content\/uploads\/2013\/08\/Eltern-Kind_01.jpg\"><img decoding=\"async\" loading=\"lazy\" class=\"size-full wp-image-267 aligncenter\" src=\"http:\/\/tsg-badenhausen.de\/cms\/wp-content\/uploads\/2013\/08\/Eltern-Kind_01.jpg\" alt=\"Eltern und Kind Turnen Bild 1\" width=\"500\" height=\"334\" srcset=\"https:\/\/tsg-badenhausen.de\/cms\/wp-content\/uploads\/2013\/08\/Eltern-Kind_01.jpg 500w, https:\/\/tsg-badenhausen.de\/cms\/wp-content\/uploads\/2013\/08\/Eltern-Kind_01-300x200.jpg 300w\" sizes=\"(max-width: 500px) 100vw, 500px\" \/><\/a><\/p>\n<p><a href=\"http:\/\/tsg-badenhausen.de\/cms\/wp-content\/uploads\/2013\/08\/Eltern-Kind_02.jpg\"><img decoding=\"async\" loading=\"lazy\" class=\"size-full wp-image-268 aligncenter\" src=\"http:\/\/tsg-badenhausen.de\/cms\/wp-content\/uploads\/2013\/08\/Eltern-Kind_02.jpg\" alt=\"Eltern und Kind Turnen Bild 2\" width=\"500\" height=\"334\" srcset=\"https:\/\/tsg-badenhausen.de\/cms\/wp-content\/uploads\/2013\/08\/Eltern-Kind_02.jpg 500w, https:\/\/tsg-badenhausen.de\/cms\/wp-content\/uploads\/2013\/08\/Eltern-Kind_02-300x200.jpg 300w\" sizes=\"(max-width: 500px) 100vw, 500px\" \/><\/a><\/p>\n<p><a href=\"http:\/\/tsg-badenhausen.de\/cms\/wp-content\/uploads\/2013\/08\/Eltern-Kind_03.jpg\"><img decoding=\"async\" loading=\"lazy\" class=\"size-full wp-image-269 aligncenter\" src=\"http:\/\/tsg-badenhausen.de\/cms\/wp-content\/uploads\/2013\/08\/Eltern-Kind_03.jpg\" alt=\"Eltern und Kind Turnen Bild 3\" width=\"500\" height=\"333\" srcset=\"https:\/\/tsg-badenhausen.de\/cms\/wp-content\/uploads\/2013\/08\/Eltern-Kind_03.jpg 500w, https:\/\/tsg-badenhausen.de\/cms\/wp-content\/uploads\/2013\/08\/Eltern-Kind_03-300x199.jpg 300w\" sizes=\"(max-width: 500px) 100vw, 500px\" \/><\/a><\/p>\n<p><a href=\"http:\/\/tsg-badenhausen.de\/cms\/wp-content\/uploads\/2013\/08\/Eltern-Kind_04.jpg\"><img decoding=\"async\" loading=\"lazy\" class=\"size-full wp-image-270 aligncenter\" src=\"http:\/\/tsg-badenhausen.de\/cms\/wp-content\/uploads\/2013\/08\/Eltern-Kind_04.jpg\" alt=\"Eltern und Kind Turnen Bild 4\" width=\"500\" height=\"334\" srcset=\"https:\/\/tsg-badenhausen.de\/cms\/wp-content\/uploads\/2013\/08\/Eltern-Kind_04.jpg 500w, https:\/\/tsg-badenhausen.de\/cms\/wp-content\/uploads\/2013\/08\/Eltern-Kind_04-300x200.jpg 300w\" sizes=\"(max-width: 500px) 100vw, 500px\" \/><\/a><\/p>\n<p><a href=\"http:\/\/tsg-badenhausen.de\/cms\/wp-content\/uploads\/2013\/08\/Eltern-Kind_05.jpg\"><img decoding=\"async\" loading=\"lazy\" class=\"size-full wp-image-271 aligncenter\" src=\"http:\/\/tsg-badenhausen.de\/cms\/wp-content\/uploads\/2013\/08\/Eltern-Kind_05.jpg\" alt=\"Eltern und Kind Turnen Bild 5\" width=\"500\" height=\"333\" srcset=\"https:\/\/tsg-badenhausen.de\/cms\/wp-content\/uploads\/2013\/08\/Eltern-Kind_05.jpg 500w, https:\/\/tsg-badenhausen.de\/cms\/wp-content\/uploads\/2013\/08\/Eltern-Kind_05-300x199.jpg 300w\" sizes=\"(max-width: 500px) 100vw, 500px\" \/><\/a><\/p>\n<p><a href=\"http:\/\/tsg-badenhausen.de\/cms\/wp-content\/uploads\/2013\/08\/Eltern-Kind_06.jpg\"><img decoding=\"async\" loading=\"lazy\" class=\"size-full wp-image-272 aligncenter\" src=\"http:\/\/tsg-badenhausen.de\/cms\/wp-content\/uploads\/2013\/08\/Eltern-Kind_06.jpg\" alt=\"Eltern und Kind Turnen Bild 6\" width=\"500\" height=\"333\" srcset=\"https:\/\/tsg-badenhausen.de\/cms\/wp-content\/uploads\/2013\/08\/Eltern-Kind_06.jpg 500w, https:\/\/tsg-badenhausen.de\/cms\/wp-content\/uploads\/2013\/08\/Eltern-Kind_06-300x199.jpg 300w\" sizes=\"(max-width: 500px) 100vw, 500px\" \/><\/a><\/p>\n<p><a href=\"http:\/\/tsg-badenhausen.de\/cms\/wp-content\/uploads\/2013\/08\/Eltern-Kind_07.jpg\"><img decoding=\"async\" loading=\"lazy\" class=\"size-full wp-image-273 aligncenter\" src=\"http:\/\/tsg-badenhausen.de\/cms\/wp-content\/uploads\/2013\/08\/Eltern-Kind_07.jpg\" alt=\"Eltern und Kind Turnen Bild 7\" width=\"500\" height=\"333\" srcset=\"https:\/\/tsg-badenhausen.de\/cms\/wp-content\/uploads\/2013\/08\/Eltern-Kind_07.jpg 500w, https:\/\/tsg-badenhausen.de\/cms\/wp-content\/uploads\/2013\/08\/Eltern-Kind_07-300x199.jpg 300w\" sizes=\"(max-width: 500px) 100vw, 500px\" \/><\/a><\/p>\n<p><a href=\"http:\/\/tsg-badenhausen.de\/cms\/wp-content\/uploads\/2013\/08\/Eltern-Kind_08.jpg\"><img decoding=\"async\" loading=\"lazy\" class=\"size-full wp-image-274 aligncenter\" src=\"http:\/\/tsg-badenhausen.de\/cms\/wp-content\/uploads\/2013\/08\/Eltern-Kind_08.jpg\" alt=\"Eltern und Kind Turnen Bild 8\" width=\"500\" height=\"333\" srcset=\"https:\/\/tsg-badenhausen.de\/cms\/wp-content\/uploads\/2013\/08\/Eltern-Kind_08.jpg 500w, https:\/\/tsg-badenhausen.de\/cms\/wp-content\/uploads\/2013\/08\/Eltern-Kind_08-300x199.jpg 300w\" sizes=\"(max-width: 500px) 100vw, 500px\" \/><\/a><\/p>\n<p><a href=\"http:\/\/tsg-badenhausen.de\/cms\/wp-content\/uploads\/2013\/08\/Eltern-Kind_09.jpg\"><img decoding=\"async\" loading=\"lazy\" class=\"size-full wp-image-275 aligncenter\" src=\"http:\/\/tsg-badenhausen.de\/cms\/wp-content\/uploads\/2013\/08\/Eltern-Kind_09.jpg\" alt=\"Eltern und Kind Turnen Bild 9\" width=\"500\" height=\"333\" srcset=\"https:\/\/tsg-badenhausen.de\/cms\/wp-content\/uploads\/2013\/08\/Eltern-Kind_09.jpg 500w, https:\/\/tsg-badenhausen.de\/cms\/wp-content\/uploads\/2013\/08\/Eltern-Kind_09-300x199.jpg 300w\" sizes=\"(max-width: 500px) 100vw, 500px\" \/><\/a><\/p>\n<p><a href=\"http:\/\/tsg-badenhausen.de\/cms\/wp-content\/uploads\/2013\/08\/Eltern-Kind_10.jpg\"><img decoding=\"async\" loading=\"lazy\" class=\"size-full wp-image-276 aligncenter\" src=\"http:\/\/tsg-badenhausen.de\/cms\/wp-content\/uploads\/2013\/08\/Eltern-Kind_10.jpg\" alt=\"Eltern und Kind Turnen Bild 10\" width=\"500\" height=\"333\" srcset=\"https:\/\/tsg-badenhausen.de\/cms\/wp-content\/uploads\/2013\/08\/Eltern-Kind_10.jpg 500w, https:\/\/tsg-badenhausen.de\/cms\/wp-content\/uploads\/2013\/08\/Eltern-Kind_10-300x199.jpg 300w\" sizes=\"(max-width: 500px) 100vw, 500px\" \/><\/a><\/p>\n","protected":false},"excerpt":{"rendered":"<p>Dienstag, 16.30\u2013 17.30 Uhr, kleine Turnhalle, \u00dcL: David Eckel und Joy Pohl In unserer Gruppe sind Kleinkinder ab dem Krabbelalter mit ihren erwachsenen Begleitern herzlich Willkommen. Unsere \u201eKleinen\u201c erkunden beispielsweise krabbelnd, laufend, kletternd, kullernd, springend oder balancierend vielf\u00e4ltige Bewegungslandschaften, singen Lieder, machen Fingerspiele oder spielen mit abwechslungsreichen Sport- und Alltagsmaterialien. Dabei lernen die Kleinsten mit [&hellip;]<\/p>\n","protected":false},"author":3,"featured_media":0,"parent":21,"menu_order":0,"comment_status":"closed","ping_status":"open","template":"","meta":{"_links_to":"","_links_to_target":""},"_links":{"self":[{"href":"https:\/\/tsg-badenhausen.de\/cms\/wp-json\/wp\/v2\/pages\/86"}],"collection":[{"href":"https:\/\/tsg-badenhausen.de\/cms\/wp-json\/wp\/v2\/pages"}],"about":[{"href":"https:\/\/tsg-badenhausen.de\/cms\/wp-json\/wp\/v2\/types\/page"}],"author":[{"embeddable":true,"href":"https:\/\/tsg-badenhausen.de\/cms\/wp-json\/wp\/v2\/users\/3"}],"replies":[{"embeddable":true,"href":"https:\/\/tsg-badenhausen.de\/cms\/wp-json\/wp\/v2\/comments?post=86"}],"version-history":[{"count":19,"href":"https:\/\/tsg-badenhausen.de\/cms\/wp-json\/wp\/v2\/pages\/86\/revisions"}],"predecessor-version":[{"id":3945,"href":"https:\/\/tsg-badenhausen.de\/cms\/wp-json\/wp\/v2\/pages\/86\/revisions\/3945"}],"up":[{"embeddable":true,"href":"https:\/\/tsg-badenhausen.de\/cms\/wp-json\/wp\/v2\/pages\/21"}],"wp:attachment":[{"href":"https:\/\/tsg-badenhausen.de\/cms\/wp-json\/wp\/v2\/media?parent=86"}],"curies":[{"name":"wp","href":"https:\/\/api.w.org\/{rel}","templated":true}]}}