{"id":112,"date":"2013-08-08T12:22:42","date_gmt":"2013-08-08T10:22:42","guid":{"rendered":"http:\/\/tsg-badenhausen.de\/?page_id=112"},"modified":"2023-01-17T23:18:45","modified_gmt":"2023-01-17T21:18:45","slug":"zumba","status":"publish","type":"page","link":"https:\/\/tsg-badenhausen.de\/cms\/handball\/zumba.html","title":{"rendered":"Zumba"},"content":{"rendered":"<p><strong>Mittwoch, 18.15\u2013 19.15 Uhr, kleine Turnhalle, \u00dcL: Geni Barthelmie<br \/>\n<\/strong><\/p>\n<p>Mit Zumba den Alltag vergessen, eintauchen in eine kleine Party voller Musik, Tanz, Bewegung und Spa\u00df.<br \/>\nWer Lust hat sich zu lateinamerikanischen Kl\u00e4ngen zu bewegen, der sollte einfach mal vorbei schauen. Tanze ganz ungezwungen und ohne Vorkenntnisse: Merengue, Cumbia, Salsa, Bachata u.v.m.<\/p>\n<p>F\u00fcr die Teilnahme an der Stunde muss eine 10er-Karte erworben werden (Mitglieder 20 Euro, Nichtmitglieder 40 Euro). Diese sind vor Ort erh\u00e4ltlich. Es kann jederzeit teilgenommen werden.<\/p>\n<p><a href=\"http:\/\/tsg-badenhausen.de\/cms\/wp-content\/uploads\/2019\/08\/Zumba-2019_1.jpg\"><img decoding=\"async\" loading=\"lazy\" class=\"alignnone size-full wp-image-3206\" src=\"http:\/\/tsg-badenhausen.de\/cms\/wp-content\/uploads\/2019\/08\/Zumba-2019_1.jpg\" alt=\"\" width=\"600\" height=\"401\" srcset=\"https:\/\/tsg-badenhausen.de\/cms\/wp-content\/uploads\/2019\/08\/Zumba-2019_1.jpg 600w, https:\/\/tsg-badenhausen.de\/cms\/wp-content\/uploads\/2019\/08\/Zumba-2019_1-200x133.jpg 200w, https:\/\/tsg-badenhausen.de\/cms\/wp-content\/uploads\/2019\/08\/Zumba-2019_1-300x201.jpg 300w\" sizes=\"(max-width: 600px) 100vw, 600px\" \/><\/a> <a href=\"http:\/\/tsg-badenhausen.de\/cms\/wp-content\/uploads\/2019\/08\/Zumba-2019_3.jpg\"><img decoding=\"async\" loading=\"lazy\" class=\"alignnone size-full wp-image-3207\" src=\"http:\/\/tsg-badenhausen.de\/cms\/wp-content\/uploads\/2019\/08\/Zumba-2019_3.jpg\" alt=\"\" width=\"600\" height=\"400\" srcset=\"https:\/\/tsg-badenhausen.de\/cms\/wp-content\/uploads\/2019\/08\/Zumba-2019_3.jpg 600w, https:\/\/tsg-badenhausen.de\/cms\/wp-content\/uploads\/2019\/08\/Zumba-2019_3-200x133.jpg 200w, https:\/\/tsg-badenhausen.de\/cms\/wp-content\/uploads\/2019\/08\/Zumba-2019_3-300x200.jpg 300w\" sizes=\"(max-width: 600px) 100vw, 600px\" \/><\/a> <a href=\"http:\/\/tsg-badenhausen.de\/cms\/wp-content\/uploads\/2019\/08\/Zumba-2019_4.jpg\"><img decoding=\"async\" loading=\"lazy\" class=\"alignnone size-full wp-image-3208\" src=\"http:\/\/tsg-badenhausen.de\/cms\/wp-content\/uploads\/2019\/08\/Zumba-2019_4.jpg\" alt=\"\" width=\"600\" height=\"401\" srcset=\"https:\/\/tsg-badenhausen.de\/cms\/wp-content\/uploads\/2019\/08\/Zumba-2019_4.jpg 600w, https:\/\/tsg-badenhausen.de\/cms\/wp-content\/uploads\/2019\/08\/Zumba-2019_4-200x133.jpg 200w, https:\/\/tsg-badenhausen.de\/cms\/wp-content\/uploads\/2019\/08\/Zumba-2019_4-300x201.jpg 300w\" sizes=\"(max-width: 600px) 100vw, 600px\" \/><\/a> <a href=\"http:\/\/tsg-badenhausen.de\/cms\/wp-content\/uploads\/2019\/08\/Zumba-2019_5.jpg\"><img decoding=\"async\" loading=\"lazy\" class=\"alignnone size-full wp-image-3209\" src=\"http:\/\/tsg-badenhausen.de\/cms\/wp-content\/uploads\/2019\/08\/Zumba-2019_5.jpg\" alt=\"\" width=\"600\" height=\"401\" srcset=\"https:\/\/tsg-badenhausen.de\/cms\/wp-content\/uploads\/2019\/08\/Zumba-2019_5.jpg 600w, https:\/\/tsg-badenhausen.de\/cms\/wp-content\/uploads\/2019\/08\/Zumba-2019_5-200x133.jpg 200w, https:\/\/tsg-badenhausen.de\/cms\/wp-content\/uploads\/2019\/08\/Zumba-2019_5-300x201.jpg 300w\" sizes=\"(max-width: 600px) 100vw, 600px\" \/><\/a> <a href=\"http:\/\/tsg-badenhausen.de\/cms\/wp-content\/uploads\/2019\/08\/Zumba-2019_6.jpg\"><img decoding=\"async\" loading=\"lazy\" class=\"alignnone size-full wp-image-3210\" src=\"http:\/\/tsg-badenhausen.de\/cms\/wp-content\/uploads\/2019\/08\/Zumba-2019_6.jpg\" alt=\"\" width=\"600\" height=\"401\" srcset=\"https:\/\/tsg-badenhausen.de\/cms\/wp-content\/uploads\/2019\/08\/Zumba-2019_6.jpg 600w, https:\/\/tsg-badenhausen.de\/cms\/wp-content\/uploads\/2019\/08\/Zumba-2019_6-200x133.jpg 200w, https:\/\/tsg-badenhausen.de\/cms\/wp-content\/uploads\/2019\/08\/Zumba-2019_6-300x201.jpg 300w\" sizes=\"(max-width: 600px) 100vw, 600px\" \/><\/a><\/p>\n","protected":false},"excerpt":{"rendered":"<p>Mittwoch, 18.15\u2013 19.15 Uhr, kleine Turnhalle, \u00dcL: Geni Barthelmie Mit Zumba den Alltag vergessen, eintauchen in eine kleine Party voller Musik, Tanz, Bewegung und Spa\u00df. Wer Lust hat sich zu lateinamerikanischen Kl\u00e4ngen zu bewegen, der sollte einfach mal vorbei schauen. Tanze ganz ungezwungen und ohne Vorkenntnisse: Merengue, Cumbia, Salsa, Bachata u.v.m. F\u00fcr die Teilnahme an [&hellip;]<\/p>\n","protected":false},"author":3,"featured_media":0,"parent":21,"menu_order":0,"comment_status":"closed","ping_status":"closed","template":"","meta":{"_links_to":"","_links_to_target":""},"_links":{"self":[{"href":"https:\/\/tsg-badenhausen.de\/cms\/wp-json\/wp\/v2\/pages\/112"}],"collection":[{"href":"https:\/\/tsg-badenhausen.de\/cms\/wp-json\/wp\/v2\/pages"}],"about":[{"href":"https:\/\/tsg-badenhausen.de\/cms\/wp-json\/wp\/v2\/types\/page"}],"author":[{"embeddable":true,"href":"https:\/\/tsg-badenhausen.de\/cms\/wp-json\/wp\/v2\/users\/3"}],"replies":[{"embeddable":true,"href":"https:\/\/tsg-badenhausen.de\/cms\/wp-json\/wp\/v2\/comments?post=112"}],"version-history":[{"count":20,"href":"https:\/\/tsg-badenhausen.de\/cms\/wp-json\/wp\/v2\/pages\/112\/revisions"}],"predecessor-version":[{"id":4056,"href":"https:\/\/tsg-badenhausen.de\/cms\/wp-json\/wp\/v2\/pages\/112\/revisions\/4056"}],"up":[{"embeddable":true,"href":"https:\/\/tsg-badenhausen.de\/cms\/wp-json\/wp\/v2\/pages\/21"}],"wp:attachment":[{"href":"https:\/\/tsg-badenhausen.de\/cms\/wp-json\/wp\/v2\/media?parent=112"}],"curies":[{"name":"wp","href":"https:\/\/api.w.org\/{rel}","templated":true}]}}