{"id":100,"date":"2013-08-08T12:20:43","date_gmt":"2013-08-08T10:20:43","guid":{"rendered":"http:\/\/tsg-badenhausen.de\/?page_id=100"},"modified":"2018-09-07T15:55:33","modified_gmt":"2018-09-07T13:55:33","slug":"senioren-turnen","status":"publish","type":"page","link":"https:\/\/tsg-badenhausen.de\/cms\/handball\/senioren-turnen.html","title":{"rendered":"Senioren-Gymnastik"},"content":{"rendered":"<p><strong>Dienstag, 10.30 bis 11.30 Uhr, kleine Turnhalle, \u00dcL: Werner Bohnen<\/strong><\/p>\n<p>Die Seniorinnen und Senioren halten sich zu schmissiger Musik mit verschiedenen Handger\u00e4ten, wie zum<br \/>\nBeispiel Hanteln oder B\u00e4llen fit. Zu festlichen Gelegenheiten tr\u00e4gt diese Gruppe mit eigenen Choreographien<br \/>\nin Gymnastik und Tanz bei. Der gesellige Teil kommt hier auch nicht zu kurz, denn die Geburtstage werden<br \/>\nimmer mit einem kleinen Schn\u00e4pschen gefeiert. Nat\u00fcrlich nach dem Turnen!<\/p>\n<p><center><strong>\u00a0<\/strong><\/center><a href=\"http:\/\/tsg-badenhausen.de\/cms\/wp-content\/uploads\/2013\/08\/Senioren_1.jpg\"><img decoding=\"async\" loading=\"lazy\" class=\"size-full wp-image-341\" src=\"http:\/\/tsg-badenhausen.de\/cms\/wp-content\/uploads\/2013\/08\/Senioren_1.jpg\" alt=\"Senioren Turnen Bild 1\" width=\"500\" height=\"333\" srcset=\"https:\/\/tsg-badenhausen.de\/cms\/wp-content\/uploads\/2013\/08\/Senioren_1.jpg 500w, https:\/\/tsg-badenhausen.de\/cms\/wp-content\/uploads\/2013\/08\/Senioren_1-300x199.jpg 300w\" sizes=\"(max-width: 500px) 100vw, 500px\" \/><\/a><\/p>\n<p><a href=\"http:\/\/tsg-badenhausen.de\/cms\/wp-content\/uploads\/2013\/08\/Senioren_2.jpg\"><img decoding=\"async\" loading=\"lazy\" class=\"size-full wp-image-342\" src=\"http:\/\/tsg-badenhausen.de\/cms\/wp-content\/uploads\/2013\/08\/Senioren_2.jpg\" alt=\"Senioren Turnen Bild 2\" width=\"500\" height=\"334\" srcset=\"https:\/\/tsg-badenhausen.de\/cms\/wp-content\/uploads\/2013\/08\/Senioren_2.jpg 500w, https:\/\/tsg-badenhausen.de\/cms\/wp-content\/uploads\/2013\/08\/Senioren_2-300x200.jpg 300w\" sizes=\"(max-width: 500px) 100vw, 500px\" \/><\/a><\/p>\n","protected":false},"excerpt":{"rendered":"<p>Dienstag, 10.30 bis 11.30 Uhr, kleine Turnhalle, \u00dcL: Werner Bohnen Die Seniorinnen und Senioren halten sich zu schmissiger Musik mit verschiedenen Handger\u00e4ten, wie zum Beispiel Hanteln oder B\u00e4llen fit. Zu festlichen Gelegenheiten tr\u00e4gt diese Gruppe mit eigenen Choreographien in Gymnastik und Tanz bei. Der gesellige Teil kommt hier auch nicht zu kurz, denn die Geburtstage [&hellip;]<\/p>\n","protected":false},"author":3,"featured_media":0,"parent":21,"menu_order":0,"comment_status":"closed","ping_status":"open","template":"","meta":{"_links_to":"","_links_to_target":""},"_links":{"self":[{"href":"https:\/\/tsg-badenhausen.de\/cms\/wp-json\/wp\/v2\/pages\/100"}],"collection":[{"href":"https:\/\/tsg-badenhausen.de\/cms\/wp-json\/wp\/v2\/pages"}],"about":[{"href":"https:\/\/tsg-badenhausen.de\/cms\/wp-json\/wp\/v2\/types\/page"}],"author":[{"embeddable":true,"href":"https:\/\/tsg-badenhausen.de\/cms\/wp-json\/wp\/v2\/users\/3"}],"replies":[{"embeddable":true,"href":"https:\/\/tsg-badenhausen.de\/cms\/wp-json\/wp\/v2\/comments?post=100"}],"version-history":[{"count":8,"href":"https:\/\/tsg-badenhausen.de\/cms\/wp-json\/wp\/v2\/pages\/100\/revisions"}],"predecessor-version":[{"id":3010,"href":"https:\/\/tsg-badenhausen.de\/cms\/wp-json\/wp\/v2\/pages\/100\/revisions\/3010"}],"up":[{"embeddable":true,"href":"https:\/\/tsg-badenhausen.de\/cms\/wp-json\/wp\/v2\/pages\/21"}],"wp:attachment":[{"href":"https:\/\/tsg-badenhausen.de\/cms\/wp-json\/wp\/v2\/media?parent=100"}],"curies":[{"name":"wp","href":"https:\/\/api.w.org\/{rel}","templated":true}]}}